divided by 11.
8
Suppose 8*h - 12*h = 2*y - 774, 3*y = 2*h + 1193. What is the remainder when y is divided by 9?
8
Let k(j) = j**3 + 17*j**2 - 15*j + 15. What is the remainder when k(-17) is divided by 49?
25
Let v be ((-2)/5)/(2/20). Let u(f) = -2*f + 4. What is the remainder when (-40)/(-3)*(-9)/v is divided by u(-2)?
6
Let q = -381 - -679. Calculate the remainder when q is divided by 43.
40
Let d = 278 - 251. Suppose t - 2*t = -4. What is the remainder when d is divided by t?
3
Suppose u = 2*z + z, -5*z = u - 24. Let h = -28 + 53. Calculate the remainder when h is divided by u.
7
Suppose 2*p = 4*r + 6*p - 244, r - 4*p = 46. What is the remainder when 109 is divided by r?
51
Let i = -70 + 220. Let t = i - 109. What is the remainder when t is divided by 26?
15
Suppose -23 = -3*n + 10. What is the remainder when ((-126)/(-24)*-2)/(1/(-2)) is divided by n?
10
Suppose -h = 2*x - 55, -7*x + 3*x + 3*h = -85. Let i = 35 + -63. Let d = 77 + i. What is the remainder when d is divided by x?
24
Suppose -85*b + 69*b + 672 = 0. What is the remainder when 503 is divided by b?
41
Let t(p) = 2*p**2 - 6*p - 4. Let n be t(3). What is the remainder when ((-8)/n - 1)*47 is divided by 25?
22
Suppose 4*r - 34 = -2*m, -3*r + 2*r = -2*m + 14. Suppose -10*k + 11*k = 43. What is the remainder when k is divided by m?
7
Suppose 3*o = -15, o - 2*o - 3 = 2*d. Suppose d = 5*z - 109. Suppose 0 = 12*x - 10*x - z. What is the remainder when 43 is divided by x?
10
Suppose 16*i - 638 = -13*i. Calculate the remainder when 67 is divided by i.
1
Let q = -16 + 704. What is the remainder when q is divided by 228?
4
Let q = -6 + 44. What is the remainder when (584/(-20))/((-18)/(-15))*-3 is divided by q?
35
Suppose -s + 6*s = -10. Let m = -15 - -24. Let j = m + s. Calculate the remainder when j is divided by 5.
2
Suppose 0 = h - 33 + 31, -5*q = 3*h - 71. Calculate the remainder when 60 is divided by q.
8
Suppose -n = -6*n - 90. Calculate the remainder when n/(7 + -4)*2/(-2) is divided by 3.
0
Let j(x) = -100*x - 3. Let s be j(-6). Suppose 2*f = -2*i + 286, i - 2*i = -4*f + s. Suppose -f = -k - 3*k. What is the remainder when k is divided by 19?
18
Suppose 38*v = -34*v + 12744. Calculate the remainder when v is divided by 26.
21
Let v be ((-2)/(-6))/((-1)/(-15)). Suppose 204 = n + v*n. What is the remainder when n is divided by 8?
2
Suppose -3*f + 3*f = 8*f. Suppose -4*v - v + 135 = f. What is the remainder when v is divided by 4?
3
Let p be (-3 + 76/28)*-7. What is the remainder when (p + -1)/(1/60) is divided by 21?
18
Let s(a) = -a**2 + 4*a. Let j be s(3). Suppose -j*d + 30 = -d. Let t(b) = -29*b**3 - 1. What is the remainder when t(-1) is divided by d?
13
Let y(a) = 11*a**2 + 9*a + 5. Let n be y(-3). Let p = 139 - n. What is the remainder when p is divided by 21?
20
Suppose -c + 11 = 4*t, -41 = -3*c + 5*t - 9*t. Suppose 7*g - c*g + 480 = 0. Calculate the remainder when g is divided by 18.
6
Calculate the remainder when ((-2)/8)/((-21)/(-168)) + 70 is divided by 11.
2
Suppose -394 = -3*h - v, 3*v = -0 - 15. Calculate the remainder when h is divided by 8.
5
Calculate the remainder when 215 is divided by 4/14 + 17 + (-47)/(-7).
23
Let k(h) = h + 22. Let m be k(-17). Let x be (183/(-2))/(m/(-10)). Calculate the remainder when 44 is divided by x/12 - (-1)/(-4).
14
Let f = -1614 - -1732. Suppose 0 = 2*a - 22 - 58. What is the remainder when f is divided by a?
38
Let h be 0*(45/10 + -4). Suppose 3*v = 6, h*n = -3*n - v + 101. Calculate the remainder when n is divided by 12.
9
Suppose -2*z + 111 = 4*t + z, 0 = 5*t - z - 134. Calculate the remainder when 105 is divided by t.
24
What is the remainder when 205 is divided by 354/((-36)/(-6)) + -2?
34
Let n(z) = -z**3 + 5*z**2 - 7*z. Let j be n(6). Let r = -39 - j. Calculate the remainder when r is divided by -4*10/(-4) + 0.
9
Let m = -851 + 865. Calculate the remainder when 94 is divided by m.
10
Suppose -5*r + 7*r = 5*s + 70, -2*r + 86 = -s. What is the remainder when 87 is divided by r?
42
Let j be (4 + 0 + -4)/(-2). Suppose -3*x = -5*m - 132, 4*m + 8 + 4 = j. Calculate the remainder when x is divided by 11.
6
Let d be (-1*(0 + -1))/(0 + -1). Let v(k) = -2*k**3 + k**2 - k - 1. What is the remainder when 13 is divided by v(d)?
1
Let f = -5492 + 5539. Calculate the remainder when (-3 - -329)/(-1 + 2) is divided by f.
44
Calculate the remainder when (1272/(-16))/(60/(-320)) is divided by 25.
24
Suppose 12*k = 17*k - 5. Suppose 0 = p - 2, 3*p + 2*p + 15 = 5*g. What is the remainder when g is divided by k?
0
Suppose -5*z = -3*z - 18. Let l be ((-15)/z)/((-2)/(-60)). Let u = l + 71. What is the remainder when 60 is divided by u?
18
Calculate the remainder when 83 is divided by (-12 - -16)/(10/55).
17
Let m(s) = 32*s + 15. What is the remainder when m(2) is divided by 5?
4
Let k = 11 - 7. Let t(p) = 7*p**2 + 10*p + 5. Calculate the remainder when t(k) is divided by 20.
17
Let n(r) = -137*r + 581. Calculate the remainder when n(4) is divided by 9.
6
Suppose -4*y - 24 = -2*c, 2*c - 28 - 36 = -4*y. What is the remainder when 164 is divided by c?
10
Let o = -160 - -96. Let p = -56 - o. Calculate the remainder when 19 is divided by p.
3
Let a = 15 + -7. Let g be 8/32 - 18/a. What is the remainder when (47 - -3)*(3 + g) is divided by 17?
16
Let t(p) = 14 - 2290*p**2 - 24*p + 18 + 2291*p**2. Calculate the remainder when 16 is divided by t(23).
7
Let u(f) = 2*f**3 + 4*f**2 + 15*f + 2. Let r be u(-3). Let y = 72 + r. What is the remainder when 31 is divided by y?
9
Suppose 36 - 14 = x. Let z(l) = 2*l - 9. Let c be z(6). Suppose -c*q + 86 = -q. What is the remainder when q is divided by x?
21
Suppose -2*v - 315 = -7*v. What is the remainder when 273/v*6/4*2 is divided by (10/(-3))/(2/(-3))?
3
Let f(t) = 2*t**2 + t + 18. What is the remainder when (-5)/2*(-2772)/110 is divided by f(0)?
9
Suppose 5698 = -3*q + 5740. Let w = -4 + 7. What is the remainder when q is divided by w?
2
Suppose 8*j - 132 = -4*j. What is the remainder when 120 is divided by j?
10
Suppose -8*c + 83 + 181 = 0. Let m = 118 - 99. Calculate the remainder when c is divided by m.
14
Let t(w) = 2*w**2 - 12*w. Let n be t(7). Suppose -80 + n = -3*i. Calculate the remainder when i is divided by 7.
1
Let s(h) = h**3 + h - 5 - 2*h**3 + 7*h**2 + 0*h. Let m be s(7). Suppose v - 45 = -m*v. Calculate the remainder when 59 is divided by v.
14
Suppose 0 = -2*h + 4*q + 72 + 18, 0 = -4*q - 20. What is the remainder when 348 is divided by h?
33
Suppose 3*l - 255 = 3*h, 4*l + 2*h - h = 350. What is the remainder when l is divided by 22?
21
Let j(b) be the second derivative of b**3/6 + 5*b**2 + 11*b. What is the remainder when j(-8) is divided by 1?
0
Let l(h) = 3*h**3 - 11*h**2 - 18*h + 4. Calculate the remainder when 82 is divided by l(5).
12
Calculate the remainder when 361 + 5 + 3 - -8 is divided by 27.
26
Let i(x) = 3*x**2 - x - 2. Let y be ((3 - 0) + -1)*(-1)/2. Calculate the remainder when 5 is divided by i(y).
1
Suppose 3*a = 7*a - 212. Suppose 4*i + 3*h = 76, h - 2*h - 38 = -2*i. What is the remainder when a is divided by i?
15
Let q(k) be the third derivative of -k**4/6 - k**3/2 + 16*k**2. Let c be (-7)/2 - (-2)/4. Calculate the remainder when q(c) is divided by 6.
3
Suppose 4*n - 40 = -4*q, -4*q + 16 = -4*n - 16. Suppose -t + 44 - 2 = 0. Calculate the remainder when t is divided by q.
6
Suppose -242 = -4*n - 3*r - 0*r, -4*n + 2*r + 232 = 0. Suppose -96*q + 25*q = -1207. What is the remainder when n is divided by q?
8
Let k(s) = -2*s**2 - 11*s - 5. Let o(f) = 3*f**2 + 23*f + 10. Let h(d) = -7*k(d) - 3*o(d). What is the remainder when h(-4) is divided by 27?
26
Let n = 21 + -9. Calculate the remainder when 32 is divided by n.
8
Let s(r) = 2*r**2 + 2*r + 41. Let o be s(0). Let t = 29 - 61. Let h = o + t. Calculate the remainder when 15 is divided by h.
6
Let x(z) = -z**3 - 4*z**2 - z - 14. Let k be x(-6). Let v = k - 26. What is the remainder when 111 is divided by v?
35
Let v be 3/9*(-1 + 3 - -10). Suppose -3*m - m = -3*g + 126, -v*m = -5*g + 218. Calculate the remainder when 181 is divided by g.
43
Suppose -390 = -25*z + 1635. What is the remainder when z is divided by 17?
13
Let q(r) = -6*r - 30. Calculate the remainder when 87 is divided by q(-9).
15
Let m(k) = -k**2 + 4. Let q be m(-3). Ca